{"id":205,"date":"2015-03-03T14:37:21","date_gmt":"2015-03-03T14:37:21","guid":{"rendered":"https:\/\/www.eymconsultora.com\/web\/?page_id=205"},"modified":"2015-06-16T15:53:10","modified_gmt":"2015-06-16T15:53:10","slug":"clima-laboral","status":"publish","type":"page","link":"https:\/\/eymconsultora.com\/web\/corporativo\/clima-laboral\/","title":{"rendered":"Encuesta de Clima Laboral"},"content":{"rendered":"<h2>Encuesta de Clima Laboral<\/h2>\n<p>La Encuesta de Clima Laboral es una herramienta de gesti\u00f3n estrat\u00e9gica, que permite conocer y cuantificar la percepci\u00f3n que tienen las personas acerca de la Empresa en relaci\u00f3n a distintas dimensiones. A continuaci\u00f3n se enumeran los puntos a tomar en cuenta:<\/p>\n<ul>\n<li>Objetivos Organizacionales<\/li>\n<li>Cultura Organizacional<\/li>\n<li>Puesto de Trabajo<\/li>\n<li>Relaci\u00f3n con superiores<\/li>\n<li>Relaci\u00f3n con compa\u00f1eros de trabajo (departamentos \/ sectores)<\/li>\n<li>Comunicaci\u00f3n<\/li>\n<li>Salarios y beneficios<\/li>\n<li>Condiciones f\u00edsico \u2013 ambientales<\/li>\n<\/ul>\n<p>Para ello utilizamos una encuesta modelo, la cual se adapta trabajando en conjunto con la Empresa \/ RR.HH., a fin de conocer c\u00f3mo influye la percepci\u00f3n de las personas tanto en el desempe\u00f1o de los diferentes sectores y\/o equipos de trabajo como en el rendimiento global de la Compa\u00f1\u00eda.<\/p>\n<p>Los resultados de la comparaci\u00f3n entre el clima, la evaluaci\u00f3n del clima y el nivel de satisfacci\u00f3n existente son volcados en informes completos que permiten desarrollar planes de acci\u00f3n para trabajar sobre aquellos puntos que sean objeto de mejora. Es importante considerar a la encuesta de clima laboral como una acci\u00f3n que crear\u00e1 una din\u00e1mica, es por eso que es conveniente repetir peri\u00f3dicamente la encuesta y realizar el adecuado seguimiento, es decir, observar las evoluciones de las opiniones y medir la eficacia de las soluciones adoptadas.<\/p>\n","protected":false},"excerpt":{"rendered":"<p>Encuesta de Clima Laboral La Encuesta de Clima Laboral es una herramienta de gesti\u00f3n estrat\u00e9gica, que permite conocer y cuantificar la percepci\u00f3n que tienen las personas [&hellip;]<\/p>\n","protected":false},"author":1,"featured_media":0,"parent":354,"menu_order":0,"comment_status":"open","ping_status":"closed","template":"","meta":[],"_links":{"self":[{"href":"https:\/\/eymconsultora.com\/web\/wp-json\/wp\/v2\/pages\/205"}],"collection":[{"href":"https:\/\/eymconsultora.com\/web\/wp-json\/wp\/v2\/pages"}],"about":[{"href":"https:\/\/eymconsultora.com\/web\/wp-json\/wp\/v2\/types\/page"}],"author":[{"embeddable":true,"href":"https:\/\/eymconsultora.com\/web\/wp-json\/wp\/v2\/users\/1"}],"replies":[{"embeddable":true,"href":"https:\/\/eymconsultora.com\/web\/wp-json\/wp\/v2\/comments?post=205"}],"version-history":[{"count":7,"href":"https:\/\/eymconsultora.com\/web\/wp-json\/wp\/v2\/pages\/205\/revisions"}],"predecessor-version":[{"id":412,"href":"https:\/\/eymconsultora.com\/web\/wp-json\/wp\/v2\/pages\/205\/revisions\/412"}],"up":[{"embeddable":true,"href":"https:\/\/eymconsultora.com\/web\/wp-json\/wp\/v2\/pages\/354"}],"wp:attachment":[{"href":"https:\/\/eymconsultora.com\/web\/wp-json\/wp\/v2\/media?parent=205"}],"curies":[{"name":"wp","href":"https:\/\/api.w.org\/{rel}","templated":true}]}}