{"id":208,"date":"2015-03-03T14:38:12","date_gmt":"2015-03-03T14:38:12","guid":{"rendered":"https:\/\/www.eymconsultora.com\/web\/?page_id=208"},"modified":"2015-09-08T18:01:55","modified_gmt":"2015-09-08T18:01:55","slug":"encuesta-de-remuneraciones","status":"publish","type":"page","link":"https:\/\/eymconsultora.com\/web\/servicios\/encuesta-de-remuneraciones\/","title":{"rendered":"Encuesta de remuneraciones"},"content":{"rendered":"<h2 style=\"display: inline-block;\">Encuesta de remuneraciones<\/h2>\n<p style=\"float: right;\"><a href=\"#form-capacitacion\">Ingresar al sistema<\/a><\/p>\n<p>Se realiza mediante un relevamiento de los niveles salariales dividido por sectores, presentando la misma a trav\u00e9s de un informe de remuneraciones detallando m\u00ednimo, mediana, promedio, 75 percetil y m\u00e1ximo.<br \/>\nLa misma se acompa\u00f1a con un detalle completo de beneficios asignados de acuerdo a cada actividad encuestada.<\/p>\n<p>Reg\u00edstrese, junto con su empresa para consultar nuestra base datos y estar al tanto de todos estos detalles.<\/p>\n","protected":false},"excerpt":{"rendered":"<p>Encuesta de remuneraciones Ingresar al sistema Se realiza mediante un relevamiento de los niveles salariales dividido por sectores, presentando la misma a trav\u00e9s de un informe [&hellip;]<\/p>\n","protected":false},"author":1,"featured_media":0,"parent":101,"menu_order":0,"comment_status":"open","ping_status":"closed","template":"","meta":[],"_links":{"self":[{"href":"https:\/\/eymconsultora.com\/web\/wp-json\/wp\/v2\/pages\/208"}],"collection":[{"href":"https:\/\/eymconsultora.com\/web\/wp-json\/wp\/v2\/pages"}],"about":[{"href":"https:\/\/eymconsultora.com\/web\/wp-json\/wp\/v2\/types\/page"}],"author":[{"embeddable":true,"href":"https:\/\/eymconsultora.com\/web\/wp-json\/wp\/v2\/users\/1"}],"replies":[{"embeddable":true,"href":"https:\/\/eymconsultora.com\/web\/wp-json\/wp\/v2\/comments?post=208"}],"version-history":[{"count":18,"href":"https:\/\/eymconsultora.com\/web\/wp-json\/wp\/v2\/pages\/208\/revisions"}],"predecessor-version":[{"id":495,"href":"https:\/\/eymconsultora.com\/web\/wp-json\/wp\/v2\/pages\/208\/revisions\/495"}],"up":[{"embeddable":true,"href":"https:\/\/eymconsultora.com\/web\/wp-json\/wp\/v2\/pages\/101"}],"wp:attachment":[{"href":"https:\/\/eymconsultora.com\/web\/wp-json\/wp\/v2\/media?parent=208"}],"curies":[{"name":"wp","href":"https:\/\/api.w.org\/{rel}","templated":true}]}}