{"id":304,"date":"2015-04-10T19:34:10","date_gmt":"2015-04-10T19:34:10","guid":{"rendered":"https:\/\/www.eymconsultora.com\/web\/?page_id=304"},"modified":"2015-06-16T15:53:26","modified_gmt":"2015-06-16T15:53:26","slug":"pasantias","status":"publish","type":"page","link":"https:\/\/eymconsultora.com\/web\/corporativo\/pasantias\/","title":{"rendered":"Pasant\u00edas"},"content":{"rendered":"<h2>Pasant\u00edas<\/h2>\n<p>El sistema de Pasant\u00edas le permite a su Empresa solucionar problemas espec\u00edficos por medio de pr\u00e1cticas laborales temporarias realizadas por estudiantes universitarios altamente capacitados y calificados acad\u00e9micamente, donde el inter\u00e9s por parte de \u00e9stos de adquirir experiencias pr\u00e1cticas en el mundo del trabajo, les generar\u00e1 un mayor compromiso con su Empresa, alto nivel de rendimiento y dedicaci\u00f3n, brind\u00e1ndole valor agregado a su Organizaci\u00f3n.<\/p>\n<p><strong>\u00bfQu\u00e9 objetivo persigue la Pasant\u00eda?<\/strong><\/p>\n<p>El Sistema de Pasant\u00edas tiene por objetivo promover la capacitaci\u00f3n y el entrenamiento de alumnos de instituciones educativas, complementando su formaci\u00f3n te\u00f3rica con pr\u00e1cticas laborales concretas. Los conocimientos que se adquieren en el mundo del trabajo, complementados con un alto nivel de rendimiento acad\u00e9mico, son esenciales para el desarrollo de empresas competitivas y exitosas. La administraci\u00f3n del tiempo, el establecimiento de prioridades, el trabajo en equipo, la comunicaci\u00f3n, entre otras, son capacidades que generar\u00e1n un aporte invalorable para su Empresa y contribuir\u00e1n al logro de resultados exitosos para su Organizaci\u00f3n.<br \/>\nExcelencia &amp; Management brinda el asesoramiento necesario y la gesti\u00f3n integral administrativa a aquellas empresas que desean incorporar pasantes a su organizaci\u00f3n.<\/p>\n<p><strong>Informaci\u00f3n Jur\u00eddico-Legal Actualizada. <\/strong><\/p>\n<ul>\n<li>Gesti\u00f3n Administrativa Integral<\/li>\n<li>Amplia base de datos informatizada y actualizada.<\/li>\n<li>B\u00fasqueda del Pasante seg\u00fan los requerimientos de la empresa.<\/li>\n<li>Preselecci\u00f3n del pasante. Entrevistas grupales e individuales. Ex\u00e1menes preocupacionales.<\/li>\n<li>Firma del Convenio Marco de Pasant\u00edas entre la Organizaci\u00f3n y las diferentes Universidades.<\/li>\n<li>Firma del Acuerdo Individual entre el Pasante y la Empresa.<\/li>\n<li>Renovaci\u00f3n de la Pasant\u00eda.<\/li>\n<li>Seguimiento del desempe\u00f1o del Pasante.<\/li>\n<\/ul>\n<p>&#8211; Solicitar Informaci\u00f3n Adicional v\u00eda email.<\/p>\n<div class=\"vermasoculto requisitos\"><strong>Sociedades An\u00f3nimas<\/strong><br \/>\nCopia del estatuto de la empresa (certificada por Escribano P\u00fablico o legalizada)<br \/>\nFormulario del CUIT.En caso de que la firma del convenio la realice el Presidente o Vice de la organizaci\u00f3n, deber\u00e1 presentar:<br \/>\nCopia del Acta de Asamblea de designaci\u00f3n de Autoridades (certificada por Escribano P\u00fablico o legalizada).<br \/>\nCopia del Acta de Directorio de distribuci\u00f3n de cargos (certificada por Escribano P\u00fablico o legalizada).<\/p>\n<p>En caso de que la firma del convenio la realice un Apoderado, se debe presentar:<br \/>\nUn Poder General Administrativo o Poder Amplio para firmar todo tipo de contratos, certificado por Escribano P\u00fablico o legalizado (no servir\u00e1 un poder judicial o para bancos).<\/p>\n<p><strong>Sociedades de Responsabilidad Limitada<\/strong><br \/>\nCopia del Contrato Social y sus reformas (certificada por Escribano P\u00fablico o legalizada)<br \/>\nFormulario del CUIT<\/p>\n<p><strong>Unipersonal<\/strong><br \/>\nFotocopia legalizada del DNI del titular del estudio.<br \/>\nFormulario del CUIT<\/p>\n<p><strong>Empresa Extranjera con sede en Argentina<\/strong><br \/>\nDocumentaci\u00f3n que acredite la existencia de la sociedad (certificada por Escribano P\u00fablico o legalizada).<br \/>\nFormulario del CUIT<\/p>\n<\/div>\n<p><a href=\"#\" data-vermas=\"\">Ver Requisitos Aqu\u00ed<\/a><\/p>\n","protected":false},"excerpt":{"rendered":"<p>Pasant\u00edas El sistema de Pasant\u00edas le permite a su Empresa solucionar problemas espec\u00edficos por medio de pr\u00e1cticas laborales temporarias realizadas por estudiantes universitarios altamente capacitados y [&hellip;]<\/p>\n","protected":false},"author":1,"featured_media":0,"parent":354,"menu_order":0,"comment_status":"open","ping_status":"closed","template":"","meta":[],"_links":{"self":[{"href":"https:\/\/eymconsultora.com\/web\/wp-json\/wp\/v2\/pages\/304"}],"collection":[{"href":"https:\/\/eymconsultora.com\/web\/wp-json\/wp\/v2\/pages"}],"about":[{"href":"https:\/\/eymconsultora.com\/web\/wp-json\/wp\/v2\/types\/page"}],"author":[{"embeddable":true,"href":"https:\/\/eymconsultora.com\/web\/wp-json\/wp\/v2\/users\/1"}],"replies":[{"embeddable":true,"href":"https:\/\/eymconsultora.com\/web\/wp-json\/wp\/v2\/comments?post=304"}],"version-history":[{"count":9,"href":"https:\/\/eymconsultora.com\/web\/wp-json\/wp\/v2\/pages\/304\/revisions"}],"predecessor-version":[{"id":413,"href":"https:\/\/eymconsultora.com\/web\/wp-json\/wp\/v2\/pages\/304\/revisions\/413"}],"up":[{"embeddable":true,"href":"https:\/\/eymconsultora.com\/web\/wp-json\/wp\/v2\/pages\/354"}],"wp:attachment":[{"href":"https:\/\/eymconsultora.com\/web\/wp-json\/wp\/v2\/media?parent=304"}],"curies":[{"name":"wp","href":"https:\/\/api.w.org\/{rel}","templated":true}]}}