{"id":1118,"date":"2018-08-16T12:45:24","date_gmt":"2018-08-16T12:45:24","guid":{"rendered":"https:\/\/www.eymconsultora.com\/web\/?post_type=product&#038;p=1118"},"modified":"2025-06-01T03:56:00","modified_gmt":"2025-06-01T03:56:00","slug":"inteligencia-emocional","status":"publish","type":"product","link":"https:\/\/eymconsultora.com\/web\/producto\/inteligencia-emocional\/","title":{"rendered":"Inteligencia Emocional"},"content":{"rendered":"<p><strong>Comienzo de la Cursada\u00a0<\/strong><\/p>\n<p><strong>Importante: <\/strong>Para acceder al curso virtual, deber\u00e1s realizar el siguiente procedimiento:<\/p>\n<ol>\n<li>Ingresar en \u00abA\u00f1adir al Carrito\u00bb.<\/li>\n<li>Acced\u00e9 al logo del\u00a0<strong>carrito<\/strong> ubicado en la parte superior derecha.<\/li>\n<li>All\u00ed podr\u00e1s visualizar el curso seleccionado.<\/li>\n<li>Hac\u00e9 clic en \u00abFinalizar compra\u00bb.<\/li>\n<li>Deber\u00e1s colocar los datos solicitados y hacer clic en \u00abRealizar el pedido\u00bb.<\/li>\n<li><strong>El M\u00e9todo de Pago es a trav\u00e9s de Mercado Pago.\u00a0<\/strong><\/li>\n<li>Recibir\u00e1s un correo electr\u00f3nico de confirmaci\u00f3n de compra.<\/li>\n<li>Posteriormente, recibir\u00e1s un correo informativo indicando los datos de acceso de tu usuario.<\/li>\n<li>Una vez recibida la informaci\u00f3n en tu bandeja de correo electr\u00f3nico, podr\u00e1s acceder al\u00a0<a href=\"https:\/\/www.campuseymconsultora.com\/campus\/login\/index.php\">Campus Virtual de la Consultora<\/a><\/li>\n<li>En caso de no ver el email, te recomendamos revisar tu bandeja de SPAM.<\/li>\n<\/ol>\n<p><strong>Cursada:<\/strong><\/p>\n<ul>\n<li>El curso se puede realizar desde cualquier computadora, notebooks, tablets, Ipad y celulares con conexi\u00f3n a Internet con tu usuario y contrase\u00f1a.<\/li>\n<li>La cursada se adapta 100% a tu disponibilidad: se puede ver las 24 hs. del d\u00eda.<\/li>\n<li>La totalidad del curso es a distancia. No ten\u00e9s que presentarte en ning\u00fan momento f\u00edsicamente en ning\u00fan domicilio.<\/li>\n<li>Ponemos a tu disposici\u00f3n el correo de <a href=\"mailto:capacitacion@eymconsultora.com\">capacitacion@eymconsultora.com<\/a> para realizar cualquier consulta.<\/li>\n<li>Este curso cuenta con un material en formato SCORM donde podr\u00e1s visualizar teor\u00eda y ejercicios pr\u00e1cticos. Adem\u00e1s, ponemos a disposici\u00f3n el material PDF realizado para Conversaciones Dif\u00edciles.<\/li>\n<\/ul>\n<p><strong>Certificado:<\/strong><\/p>\n<p>Una vez finalizado el curso,\u00a0pod\u00e9s solicitar tu certificado v\u00eda email a <a href=\"mailto:capacitacion@eymconsultora.com\">capacitacion@eymconsultora.com<\/a> indicando tu nombre, apellido, n\u00famero de documento y curso para hac\u00e9rtelo llegar de forma online.<\/p>\n<p>&nbsp;<\/p>\n","protected":false},"excerpt":{"rendered":"<p>Este curso est\u00e1 dirigido a todas aquellas personas que desean mejorar el manejo de las emociones ante distintos escenarios para lograr alcanzar los objetivos planteados teniendo como prioridad la empat\u00eda.<\/p>\n<p><span style=\"color: #008000;\"><strong>E&amp;M Campus Virtual\u00a0<\/strong><\/span><\/p>\n<p><strong>Modalidad:<\/strong> Presencial y Online \/ Presencial<\/p>\n<p><strong>Duraci\u00f3n:<\/strong> A consultar<\/p>\n<p><strong>Precio: Para Grupos Corporativos<\/strong> (Consultar por nuestras bonificaciones)<\/p>\n<p><strong>Programa del Curso:<\/strong>\u00a0<a href=\"https:\/\/drive.google.com\/open?id=1UnlbftiCTwSl-BoBufOD4vnIFau9iBl7\">Ver Contenido\u00a0<\/a><\/p>\n<p><strong>M\u00e1s informaci\u00f3n<\/strong> a trav\u00e9s de <a href=\"mailto:capacitacion@eymconsultora.com\">capacitacion@eymconsultora.com\u00a0<\/a><\/p>\n","protected":false},"featured_media":1119,"comment_status":"open","ping_status":"closed","template":"","meta":[],"_links":{"self":[{"href":"https:\/\/eymconsultora.com\/web\/wp-json\/wp\/v2\/product\/1118"}],"collection":[{"href":"https:\/\/eymconsultora.com\/web\/wp-json\/wp\/v2\/product"}],"about":[{"href":"https:\/\/eymconsultora.com\/web\/wp-json\/wp\/v2\/types\/product"}],"replies":[{"embeddable":true,"href":"https:\/\/eymconsultora.com\/web\/wp-json\/wp\/v2\/comments?post=1118"}],"wp:featuredmedia":[{"embeddable":true,"href":"https:\/\/eymconsultora.com\/web\/wp-json\/wp\/v2\/media\/1119"}],"wp:attachment":[{"href":"https:\/\/eymconsultora.com\/web\/wp-json\/wp\/v2\/media?parent=1118"}],"curies":[{"name":"wp","href":"https:\/\/api.w.org\/{rel}","templated":true}]}}