{"id":1344,"date":"2019-11-08T18:34:50","date_gmt":"2019-11-08T18:34:50","guid":{"rendered":"https:\/\/www.eymconsultora.com\/web\/?post_type=product&#038;p=1344"},"modified":"2023-09-22T12:57:23","modified_gmt":"2023-09-22T12:57:23","slug":"formacion-de-formadores","status":"publish","type":"product","link":"https:\/\/eymconsultora.com\/web\/producto\/formacion-de-formadores\/","title":{"rendered":"Formaci\u00f3n de Formadores"},"content":{"rendered":"","protected":false},"excerpt":{"rendered":"<p>Este curso est\u00e1 orientado est\u00e1 orientado a promover la importancia que las organizaciones deben ser generadoras de aprendizaje, para formar y desarrollar las capacidades de los recursos humanos, que les permitan capitalizar el conocimiento. Esta premisa se ha convertido en una ventaja competitiva aunado a la supervivencia de la organizaci\u00f3n en un entorno altamente cambiante.<\/p>\n<div>\n<p><strong>E&amp;M Campus Virtual\u00a0<\/strong><\/p>\n<p><strong>Modalidad:<\/strong>\u00a0Online\/Virtual (Inicio Inmediato)<\/p>\n<p><strong>Duraci\u00f3n:<\/strong>\u00a0Consultar<\/p>\n<p><strong>Precio: Para Grupos Corporativos<\/strong>\u00a0(Consultar nuestras bonificaciones)<strong>\u00a0 \u00a0 \u00a0 \u00a0 \u00a0 \u00a0 \u00a0 \u00a0 \u00a0 \u00a0 \u00a0 \u00a0 \u00a0 \u00a0 \u00a0 \u00a0 \u00a0<\/strong><\/p>\n<p><strong>M\u00e1s Informaci\u00f3n<\/strong>\u00a0a trav\u00e9s de\u00a0<a href=\"mailto:capacitacion@eymconsultora.com\">capacitacion@eymconsultora.com\u00a0<\/a><\/p>\n<\/div>\n<div class=\"product_meta\"><\/div>\n","protected":false},"featured_media":1346,"comment_status":"open","ping_status":"closed","template":"","meta":[],"_links":{"self":[{"href":"https:\/\/eymconsultora.com\/web\/wp-json\/wp\/v2\/product\/1344"}],"collection":[{"href":"https:\/\/eymconsultora.com\/web\/wp-json\/wp\/v2\/product"}],"about":[{"href":"https:\/\/eymconsultora.com\/web\/wp-json\/wp\/v2\/types\/product"}],"replies":[{"embeddable":true,"href":"https:\/\/eymconsultora.com\/web\/wp-json\/wp\/v2\/comments?post=1344"}],"wp:featuredmedia":[{"embeddable":true,"href":"https:\/\/eymconsultora.com\/web\/wp-json\/wp\/v2\/media\/1346"}],"wp:attachment":[{"href":"https:\/\/eymconsultora.com\/web\/wp-json\/wp\/v2\/media?parent=1344"}],"curies":[{"name":"wp","href":"https:\/\/api.w.org\/{rel}","templated":true}]}}

Formación de Formadores

<p>Este curso está orientado está orientado a promover la importancia que las organizaciones deben ser generadoras de aprendizaje, para formar y desarrollar las capacidades de los recursos humanos, que les permitan capitalizar el conocimiento. Esta premisa se ha convertido en una ventaja competitiva aunado a la supervivencia de la organización en un entorno altamente cambiante.</p>
<div>
<p><strong>E&amp;M Campus Virtual </strong></p>
<p><strong>Modalidad:</strong> Online/Virtual (Inicio Inmediato)</p>
<p><strong>Duración:</strong> Consultar</p>
<p><strong>Precio: Para Grupos Corporativos</strong> (Consultar nuestras bonificaciones)<strong>                                 </strong></p>
<p><strong>Más Información</strong> a través de <a href="mailto:capacitacion@eymconsultora.com">capacitacion@eymconsultora.com </a></p>
</div>
<div class="product_meta"></div>
